{"id":25401,"date":"2020-09-16T05:08:36","date_gmt":"2020-09-16T05:08:36","guid":{"rendered":"http:\/\/veterinaire7chemins.fr\/?page_id=25401"},"modified":"2023-11-13T15:03:55","modified_gmt":"2023-11-13T15:03:55","slug":"about","status":"publish","type":"page","link":"http:\/\/veterinaire7chemins.fr\/?page_id=25401","title":{"rendered":"L&rsquo;EQUIPE"},"content":{"rendered":"\n<div class=\"wp-block-group alignfull has-background\" style=\"background-color:#fafafa\"><div class=\"wp-block-group__inner-container is-layout-flow wp-block-group-is-layout-flow\">\n<div class=\"wp-block-columns are-vertically-aligned-center is-layout-flex wp-container-core-columns-is-layout-28f84493 wp-block-columns-is-layout-flex\">\n<div class=\"wp-block-column is-vertically-aligned-center is-layout-flow wp-block-column-is-layout-flow\" style=\"flex-basis:25%\">\n<div class=\"wp-block-columns is-layout-flex wp-container-core-columns-is-layout-28f84493 wp-block-columns-is-layout-flex\">\n<div class=\"wp-block-column is-layout-flow wp-block-column-is-layout-flow\" style=\"flex-basis:100%\">\n<figure class=\"wp-block-gallery has-nested-images columns-default is-cropped wp-block-gallery-1 is-layout-flex wp-block-gallery-is-layout-flex\">\n<figure class=\"wp-block-image size-large is-style-rounded\"><img data-recalc-dims=\"1\" loading=\"lazy\" decoding=\"async\" width=\"681\" height=\"1024\" data-id=\"25944\" src=\"https:\/\/i0.wp.com\/veterinaire7chemins.fr\/wp-content\/uploads\/2022\/04\/image00007.jpeg?resize=681%2C1024\" alt=\"\" class=\"wp-image-25944\" srcset=\"https:\/\/i0.wp.com\/veterinaire7chemins.fr\/wp-content\/uploads\/2022\/04\/image00007.jpeg?resize=681%2C1024 681w, https:\/\/i0.wp.com\/veterinaire7chemins.fr\/wp-content\/uploads\/2022\/04\/image00007.jpeg?resize=199%2C300 199w, https:\/\/i0.wp.com\/veterinaire7chemins.fr\/wp-content\/uploads\/2022\/04\/image00007.jpeg?resize=768%2C1155 768w, https:\/\/i0.wp.com\/veterinaire7chemins.fr\/wp-content\/uploads\/2022\/04\/image00007.jpeg?resize=1021%2C1536 1021w, https:\/\/i0.wp.com\/veterinaire7chemins.fr\/wp-content\/uploads\/2022\/04\/image00007.jpeg?w=1163 1163w\" sizes=\"auto, (max-width: 681px) 100vw, 681px\" \/><\/figure>\n<\/figure>\n<\/div>\n<\/div>\n\n\n\n<h5 class=\"wp-block-heading has-text-align-center\">Dr C\u00e9line Bagur<\/h5>\n\n\n\n<p>V\u00e9t\u00e9rinaire associ\u00e9e<\/p>\n\n\n\n<p>Sp\u00e9cialit\u00e9 : consultations sp\u00e9cialis\u00e9es en Ost\u00e9opathie<\/p>\n<\/div>\n\n\n\n<div class=\"wp-block-column is-vertically-aligned-center is-layout-flow wp-block-column-is-layout-flow\" style=\"flex-basis:25%\">\n<div class=\"wp-block-columns is-layout-flex wp-container-core-columns-is-layout-28f84493 wp-block-columns-is-layout-flex\">\n<div class=\"wp-block-column is-layout-flow wp-block-column-is-layout-flow\" style=\"flex-basis:100%\">\n<figure class=\"wp-block-gallery aligncenter has-nested-images columns-default is-cropped wp-block-gallery-2 is-layout-flex wp-block-gallery-is-layout-flex\">\n<figure class=\"wp-block-image size-large is-style-rounded\"><img data-recalc-dims=\"1\" loading=\"lazy\" decoding=\"async\" width=\"683\" height=\"1024\" data-id=\"25968\" src=\"https:\/\/i0.wp.com\/veterinaire7chemins.fr\/wp-content\/uploads\/2022\/04\/image00031.jpeg?resize=683%2C1024\" alt=\"\" class=\"wp-image-25968\" srcset=\"https:\/\/i0.wp.com\/veterinaire7chemins.fr\/wp-content\/uploads\/2022\/04\/image00031.jpeg?resize=683%2C1024 683w, https:\/\/i0.wp.com\/veterinaire7chemins.fr\/wp-content\/uploads\/2022\/04\/image00031.jpeg?resize=200%2C300 200w, https:\/\/i0.wp.com\/veterinaire7chemins.fr\/wp-content\/uploads\/2022\/04\/image00031.jpeg?resize=768%2C1152 768w, https:\/\/i0.wp.com\/veterinaire7chemins.fr\/wp-content\/uploads\/2022\/04\/image00031.jpeg?resize=1024%2C1536 1024w, https:\/\/i0.wp.com\/veterinaire7chemins.fr\/wp-content\/uploads\/2022\/04\/image00031.jpeg?w=1280 1280w\" sizes=\"auto, (max-width: 683px) 100vw, 683px\" \/><\/figure>\n<\/figure>\n<\/div>\n<\/div>\n\n\n\n<h5 class=\"wp-block-heading has-text-align-center\">Dr Laetitia Venel<\/h5>\n\n\n\n<p>V\u00e9t\u00e9rinaire associ\u00e9e<\/p>\n\n\n\n<p>Sp\u00e9cialit\u00e9 : consultations sp\u00e9cialis\u00e9es en Nutrition animale<\/p>\n<\/div>\n\n\n\n<div class=\"wp-block-column is-layout-flow wp-block-column-is-layout-flow\" style=\"flex-basis:50%\">\n<h2 class=\"wp-block-heading\">Notre Clinique<\/h2>\n\n\n\n<p>Ouverte en Septembre 2015 dans une ancienne maison bourgeoise, notre clinique se veut familiale et proche de ses clients et patients.<\/p>\n\n\n\n<p>Notre leitmotiv : le bien-\u00eatre et la bienveillance!<\/p>\n\n\n\n<p>Nous apportons une attention particuli\u00e8re \u00e0 la pr\u00e9vention, au d\u00e9pistage, au suivi et \u00e0 la qualit\u00e9 des soins apport\u00e9s pour que l&rsquo;exp\u00e9rience du \u00ab\u00a0v\u00e9t\u00e9rinaire\u00a0\u00bb reste un moment agr\u00e9able pour vos animaux.<\/p>\n\n\n\n<p>C\u00e9line et Laetitia <\/p>\n\n\n\n<p><\/p>\n<\/div>\n<\/div>\n<\/div><\/div>\n\n\n\n\n\n<div class=\"wp-block-group alignfull has-white-background-color has-background\"><div class=\"wp-block-group__inner-container is-layout-flow wp-block-group-is-layout-flow\">\n<h2 class=\"wp-block-heading has-text-align-center\">L&rsquo;\u00e9quipe<\/h2>\n\n\n\n<p class=\"has-text-align-center\">En plus des 2 associ\u00e9es, notre \u00e9quipe se compose d&rsquo;une v\u00e9t\u00e9rinaire et de 3 assistantes, toutes aussi impliqu\u00e9es dans le respect de nos convictions. <\/p>\n\n\n\n<p><\/p>\n\n\n\n<div class=\"wp-block-columns is-layout-flex wp-container-core-columns-is-layout-28f84493 wp-block-columns-is-layout-flex\">\n<div class=\"wp-block-column is-layout-flow wp-block-column-is-layout-flow\">\n<div class=\"wp-block-group has-background\" style=\"background-color:#fafafa\"><div class=\"wp-block-group__inner-container is-layout-flow wp-block-group-is-layout-flow\">\n<figure class=\"wp-block-gallery has-nested-images columns-default is-cropped wp-block-gallery-3 is-layout-flex wp-block-gallery-is-layout-flex\">\n<figure class=\"wp-block-image size-large is-style-rounded\"><img data-recalc-dims=\"1\" loading=\"lazy\" decoding=\"async\" width=\"683\" height=\"1024\" data-id=\"25941\" src=\"https:\/\/i0.wp.com\/veterinaire7chemins.fr\/wp-content\/uploads\/2022\/04\/image00004.jpeg?resize=683%2C1024\" alt=\"\" class=\"wp-image-25941\" srcset=\"https:\/\/i0.wp.com\/veterinaire7chemins.fr\/wp-content\/uploads\/2022\/04\/image00004.jpeg?resize=683%2C1024 683w, https:\/\/i0.wp.com\/veterinaire7chemins.fr\/wp-content\/uploads\/2022\/04\/image00004.jpeg?resize=200%2C300 200w, https:\/\/i0.wp.com\/veterinaire7chemins.fr\/wp-content\/uploads\/2022\/04\/image00004.jpeg?resize=768%2C1152 768w, https:\/\/i0.wp.com\/veterinaire7chemins.fr\/wp-content\/uploads\/2022\/04\/image00004.jpeg?resize=1024%2C1536 1024w, https:\/\/i0.wp.com\/veterinaire7chemins.fr\/wp-content\/uploads\/2022\/04\/image00004.jpeg?w=1280 1280w\" sizes=\"auto, (max-width: 683px) 100vw, 683px\" \/><\/figure>\n<\/figure>\n<\/div><\/div>\n\n\n\n<p>Le Docteur C\u00e9cile SAGOT fait partie de l&rsquo;\u00e9quipe depuis Mars 2021. Toujours disponible et souriante, elle prendra soin de vos animaux avec  la bonne humeur et la bienveillance caract\u00e9ristique de la clinique.<\/p>\n<\/div>\n\n\n\n<div class=\"wp-block-column is-layout-flow wp-block-column-is-layout-flow\">\n<figure class=\"wp-block-image size-large is-style-rounded\"><img data-recalc-dims=\"1\" loading=\"lazy\" decoding=\"async\" width=\"683\" height=\"1024\" src=\"https:\/\/i0.wp.com\/veterinaire7chemins.fr\/wp-content\/uploads\/2023\/11\/IMG_2074.jpg?resize=683%2C1024\" alt=\"\" class=\"wp-image-26025\" srcset=\"https:\/\/i0.wp.com\/veterinaire7chemins.fr\/wp-content\/uploads\/2023\/11\/IMG_2074.jpg?resize=683%2C1024 683w, https:\/\/i0.wp.com\/veterinaire7chemins.fr\/wp-content\/uploads\/2023\/11\/IMG_2074.jpg?resize=200%2C300 200w, https:\/\/i0.wp.com\/veterinaire7chemins.fr\/wp-content\/uploads\/2023\/11\/IMG_2074.jpg?resize=768%2C1152 768w, https:\/\/i0.wp.com\/veterinaire7chemins.fr\/wp-content\/uploads\/2023\/11\/IMG_2074.jpg?resize=1024%2C1536 1024w, https:\/\/i0.wp.com\/veterinaire7chemins.fr\/wp-content\/uploads\/2023\/11\/IMG_2074.jpg?w=1280 1280w\" sizes=\"auto, (max-width: 683px) 100vw, 683px\" \/><figcaption class=\"wp-element-caption\"><br>En formation GIPSA depuis Septembre 2023, C\u00e9lina a rejoint l&rsquo;\u00e9quipe en Mai 2023. D&rsquo;un calme olympien remarquable, elle apporte une atmosph\u00e8re sereine et apaisante au sein de la clinique, contagieuse lors des hospitalisations de vos animaux dans nos locaux! <\/figcaption><\/figure>\n<\/div>\n\n\n\n<div class=\"wp-block-column is-layout-flow wp-block-column-is-layout-flow\">\n<figure class=\"wp-block-image size-large is-style-rounded\"><img data-recalc-dims=\"1\" loading=\"lazy\" decoding=\"async\" width=\"683\" height=\"1024\" src=\"https:\/\/i0.wp.com\/veterinaire7chemins.fr\/wp-content\/uploads\/2023\/11\/IMG_2027.jpg?resize=683%2C1024\" alt=\"\" class=\"wp-image-26028\" srcset=\"https:\/\/i0.wp.com\/veterinaire7chemins.fr\/wp-content\/uploads\/2023\/11\/IMG_2027.jpg?resize=683%2C1024 683w, https:\/\/i0.wp.com\/veterinaire7chemins.fr\/wp-content\/uploads\/2023\/11\/IMG_2027.jpg?resize=200%2C300 200w, https:\/\/i0.wp.com\/veterinaire7chemins.fr\/wp-content\/uploads\/2023\/11\/IMG_2027.jpg?resize=768%2C1152 768w, https:\/\/i0.wp.com\/veterinaire7chemins.fr\/wp-content\/uploads\/2023\/11\/IMG_2027.jpg?resize=1024%2C1536 1024w, https:\/\/i0.wp.com\/veterinaire7chemins.fr\/wp-content\/uploads\/2023\/11\/IMG_2027.jpg?w=1280 1280w\" sizes=\"auto, (max-width: 683px) 100vw, 683px\" \/><figcaption class=\"wp-element-caption\"><br>Fraichement dipl\u00f4m\u00e9e avec succ\u00e8s de l&rsquo;\u00e9cole du GIPSA, Jane vous accueille depuis Avril 2021 avec le sourire et apporte une attention particuli\u00e8re \u00e0 votre bien-\u00eatre. Intarissable sur les f\u00e9lins, elle regorge de conseils pour leur bien-\u00eatre.<\/figcaption><\/figure>\n<\/div>\n\n\n\n<div class=\"wp-block-column is-layout-flow wp-block-column-is-layout-flow\">\n<div class=\"wp-block-group has-background\" style=\"background-color:#fafafa\"><div class=\"wp-block-group__inner-container is-layout-flow wp-block-group-is-layout-flow\">\n<figure class=\"wp-block-gallery has-nested-images columns-default is-cropped wp-block-gallery-4 is-layout-flex wp-block-gallery-is-layout-flex\">\n<figure class=\"wp-block-image size-large is-style-rounded\"><img data-recalc-dims=\"1\" loading=\"lazy\" decoding=\"async\" width=\"683\" height=\"1024\" data-id=\"26026\" src=\"https:\/\/i0.wp.com\/veterinaire7chemins.fr\/wp-content\/uploads\/2023\/11\/IMG_2050.jpg?resize=683%2C1024\" alt=\"\" class=\"wp-image-26026\" srcset=\"https:\/\/i0.wp.com\/veterinaire7chemins.fr\/wp-content\/uploads\/2023\/11\/IMG_2050.jpg?resize=683%2C1024 683w, https:\/\/i0.wp.com\/veterinaire7chemins.fr\/wp-content\/uploads\/2023\/11\/IMG_2050.jpg?resize=200%2C300 200w, https:\/\/i0.wp.com\/veterinaire7chemins.fr\/wp-content\/uploads\/2023\/11\/IMG_2050.jpg?resize=768%2C1152 768w, https:\/\/i0.wp.com\/veterinaire7chemins.fr\/wp-content\/uploads\/2023\/11\/IMG_2050.jpg?resize=1024%2C1536 1024w, https:\/\/i0.wp.com\/veterinaire7chemins.fr\/wp-content\/uploads\/2023\/11\/IMG_2050.jpg?w=1280 1280w\" sizes=\"auto, (max-width: 683px) 100vw, 683px\" \/><\/figure>\n<\/figure>\n<\/div><\/div>\n\n\n\n<p>Nad\u00e8ge est l&rsquo;artiste du groupe! Peintre pendant son temps libre, elle vous accueille avec bienveillance et gentillesse. De nature tr\u00e8s empathique, elle prendra soin de vos boules de poils avec amour.<\/p>\n<\/div>\n<\/div>\n\n\n\n<div class=\"wp-block-group\"><div class=\"wp-block-group__inner-container is-layout-flow wp-block-group-is-layout-flow\">\n<div class=\"wp-block-columns alignwide are-vertically-aligned-center is-layout-flex wp-container-core-columns-is-layout-28f84493 wp-block-columns-is-layout-flex\">\n<div class=\"wp-block-column is-vertically-aligned-center is-layout-flow wp-block-column-is-layout-flow\"><\/div>\n\n\n\n<div class=\"wp-block-column is-vertically-aligned-center is-layout-flow wp-block-column-is-layout-flow\"><\/div>\n\n\n\n<div class=\"wp-block-column is-vertically-aligned-center is-layout-flow wp-block-column-is-layout-flow\"><\/div>\n\n\n\n<div class=\"wp-block-column is-vertically-aligned-center is-layout-flow wp-block-column-is-layout-flow\">\n<p><\/p>\n<\/div>\n<\/div>\n<\/div><\/div>\n\n\n\n<figure class=\"wp-block-image size-large\"><img data-recalc-dims=\"1\" loading=\"lazy\" decoding=\"async\" width=\"1024\" height=\"683\" src=\"https:\/\/i0.wp.com\/veterinaire7chemins.fr\/wp-content\/uploads\/2023\/11\/IMG_2097.jpg?resize=1024%2C683\" alt=\"\" class=\"wp-image-26027\" srcset=\"https:\/\/i0.wp.com\/veterinaire7chemins.fr\/wp-content\/uploads\/2023\/11\/IMG_2097.jpg?resize=1024%2C683 1024w, https:\/\/i0.wp.com\/veterinaire7chemins.fr\/wp-content\/uploads\/2023\/11\/IMG_2097.jpg?resize=300%2C200 300w, https:\/\/i0.wp.com\/veterinaire7chemins.fr\/wp-content\/uploads\/2023\/11\/IMG_2097.jpg?resize=768%2C512 768w, https:\/\/i0.wp.com\/veterinaire7chemins.fr\/wp-content\/uploads\/2023\/11\/IMG_2097.jpg?resize=1536%2C1024 1536w, https:\/\/i0.wp.com\/veterinaire7chemins.fr\/wp-content\/uploads\/2023\/11\/IMG_2097.jpg?w=1920 1920w\" sizes=\"auto, (max-width: 1000px) 100vw, 1000px\" \/><\/figure>\n<\/div><\/div>\n\n\n\n<p><\/p>\n","protected":false},"excerpt":{"rendered":"<p>Dr C\u00e9line Bagur V\u00e9t\u00e9rinaire associ\u00e9e Sp\u00e9cialit\u00e9 : consultations sp\u00e9cialis\u00e9es en Ost\u00e9opathie Dr Laetitia Venel V\u00e9t\u00e9rinaire associ\u00e9e Sp\u00e9cialit\u00e9 : consultations sp\u00e9cialis\u00e9es en Nutrition animale Notre Clinique Ouverte en Septembre 2015 dans une ancienne maison bourgeoise, notre clinique se veut familiale et proche de ses clients et patients. Notre leitmotiv : le bien-\u00eatre et la bienveillance! Nous [&hellip;]<\/p>\n","protected":false},"author":1,"featured_media":0,"parent":0,"menu_order":0,"comment_status":"closed","ping_status":"closed","template":"","meta":{"om_disable_all_campaigns":false,"_monsterinsights_skip_tracking":false,"_monsterinsights_sitenote_active":false,"_monsterinsights_sitenote_note":"","_monsterinsights_sitenote_category":0,"footnotes":""},"class_list":["post-25401","page","type-page","status-publish","hentry"],"aioseo_notices":[],"jetpack_sharing_enabled":true,"_links":{"self":[{"href":"http:\/\/veterinaire7chemins.fr\/index.php?rest_route=\/wp\/v2\/pages\/25401","targetHints":{"allow":["GET"]}}],"collection":[{"href":"http:\/\/veterinaire7chemins.fr\/index.php?rest_route=\/wp\/v2\/pages"}],"about":[{"href":"http:\/\/veterinaire7chemins.fr\/index.php?rest_route=\/wp\/v2\/types\/page"}],"author":[{"embeddable":true,"href":"http:\/\/veterinaire7chemins.fr\/index.php?rest_route=\/wp\/v2\/users\/1"}],"replies":[{"embeddable":true,"href":"http:\/\/veterinaire7chemins.fr\/index.php?rest_route=%2Fwp%2Fv2%2Fcomments&post=25401"}],"version-history":[{"count":27,"href":"http:\/\/veterinaire7chemins.fr\/index.php?rest_route=\/wp\/v2\/pages\/25401\/revisions"}],"predecessor-version":[{"id":26033,"href":"http:\/\/veterinaire7chemins.fr\/index.php?rest_route=\/wp\/v2\/pages\/25401\/revisions\/26033"}],"wp:attachment":[{"href":"http:\/\/veterinaire7chemins.fr\/index.php?rest_route=%2Fwp%2Fv2%2Fmedia&parent=25401"}],"curies":[{"name":"wp","href":"https:\/\/api.w.org\/{rel}","templated":true}]}}