{"id":25705,"date":"2021-12-06T13:20:49","date_gmt":"2021-12-06T13:20:49","guid":{"rendered":"http:\/\/veterinaire7chemins.fr\/?page_id=25705"},"modified":"2025-04-23T14:04:51","modified_gmt":"2025-04-23T14:04:51","slug":"brite","status":"publish","type":"page","link":"http:\/\/veterinaire7chemins.fr\/","title":{"rendered":"Page d&rsquo;Accueil"},"content":{"rendered":"<div class=\"style-190 style-local-25705-c1 position-relative\" data-colibri-id=\"25705-c1\">\n<div id=\"overlappable\" class=\"h-section h-section-global-spacing d-flex align-items-lg-center align-items-md-center align-items-center style-225 style-local-25705-c2 position-relative\" data-colibri-component=\"section\" data-colibri-id=\"25705-c2\">\n<div class=\"h-section-grid-container h-section-boxed-container\">\n<div class=\"h-row-container gutters-row-lg-2 gutters-row-md-0 gutters-row-2 gutters-row-v-lg-2 gutters-row-v-md-0 gutters-row-v-2 style-226 style-local-25705-c3 position-relative\" data-colibri-id=\"25705-c3\">\n<div class=\"h-row justify-content-lg-center justify-content-md-center justify-content-center align-items-lg-stretch align-items-md-stretch align-items-stretch gutters-col-lg-2 gutters-col-md-0 gutters-col-2 gutters-col-v-lg-2 gutters-col-v-md-0 gutters-col-v-2\">\n<div class=\"h-column h-column-container d-flex h-col-lg-4 h-col-md-4 h-col-12 style-227-outer style-local-25705-c4-outer\">\n<div class=\"d-flex h-flex-basis h-column__inner h-px-lg-2 h-px-md-3 h-px-2 v-inner-lg-0 v-inner-md-3 v-inner-2 style-227 style-local-25705-c4 position-relative\" data-colibri-id=\"25705-c4\">\n<div class=\"w-100 h-y-container h-column__content h-column__v-align flex-basis-100 align-self-lg-start align-self-md-start align-self-start\">\n<div class=\"h-icon style-228 style-local-25705-c5 position-relative h-element\" data-colibri-id=\"25705-c5\">\n<a href=\"http:\/\/veterinaire7chemins.fr\/?page_id=25856\" target=\"_blank\" rel=\"noopener\"><span class=\"h-svg-icon h-icon__icon style-228-icon style-local-25705-c5-icon\"><!--Icon by Icons8 Line Awesome (https:\/\/icons8.com\/line-awesome)--><\/span><\/a><\/div>\n<div class=\"h-global-transition-all h-heading style-229 style-local-25705-c6 position-relative h-element\" data-colibri-id=\"25705-c6\">\n<div class=\"h-heading__outer style-229 style-local-25705-c6\">\n<h5 class=\"\">Nos comp\u00e9tences<\/h5>\n<\/div>\n<\/div>\n<div class=\"h-lead h-text h-text-component style-230 style-local-25705-c7 position-relative h-element\" data-colibri-id=\"25705-c7\">\n<div class=\"\">\n\nChiens Chats NACs\n\nM\u00e9decine Chirurgie Nutrition personnalis\u00e9e Imagerie M\u00e9dicale Analyses Biologiques Hospitalisations Conseils\n\n<\/div>\n<\/div>\n<\/div>\n<\/div>\n<\/div>\n<div class=\"h-column h-column-container d-flex h-col-lg-4 h-col-md-4 h-col-12 style-227-outer style-local-25705-c8-outer\">\n<div class=\"d-flex h-flex-basis h-column__inner h-px-lg-2 h-px-md-3 h-px-2 v-inner-lg-0 v-inner-md-3 v-inner-2 style-227 style-local-25705-c8 position-relative\" data-colibri-id=\"25705-c8\">\n<div class=\"w-100 h-y-container h-column__content h-column__v-align flex-basis-100 align-self-lg-start align-self-md-start align-self-start\">\n<div class=\"h-icon style-228 style-local-25705-c9 position-relative h-element\" data-colibri-id=\"25705-c9\">\n<a href=\"http:\/\/veterinaire7chemins.fr\/?page_id=25401\" target=\"_blank\" rel=\"noopener\"><span class=\"h-svg-icon h-icon__icon style-228-icon style-local-25705-c9-icon\"><!--Icon by Font Awesome (https:\/\/fontawesome.com)-->\n<\/span><\/a><\/div>\n<div class=\"h-global-transition-all h-heading style-229 style-local-25705-c10 position-relative h-element\" data-colibri-id=\"25705-c10\">\n<div class=\"h-heading__outer style-229 style-local-25705-c10\">\n<h5 class=\"\">L&rsquo;equipe<\/h5>\n<\/div>\n<\/div>\n<div class=\"h-lead h-text h-text-component style-230 style-local-25705-c11 position-relative h-element\" data-colibri-id=\"25705-c11\">\n<div class=\"\">\n\n3 V\u00e9t\u00e9rinaires\n\n3 Assistants V\u00e9t\u00e9rinaires\n\n<\/div>\n<\/div>\n<\/div>\n<\/div>\n<\/div>\n<div class=\"h-column h-column-container d-flex h-col-lg-4 h-col-md-4 h-col-12 style-227-outer style-local-25705-c12-outer\">\n<div class=\"d-flex h-flex-basis h-column__inner h-px-lg-2 h-px-md-3 h-px-2 v-inner-lg-0 v-inner-md-3 v-inner-2 style-227 style-local-25705-c12 position-relative\" data-colibri-id=\"25705-c12\">\n<div class=\"w-100 h-y-container h-column__content h-column__v-align flex-basis-100 align-self-lg-start align-self-md-start align-self-start\">\n<div class=\"h-icon style-228 style-local-25705-c13 position-relative h-element\" data-colibri-id=\"25705-c13\">\n<a href=\"http:\/\/veterinaire7chemins.fr\/?page_id=25862\" target=\"_blank\" rel=\"noopener\"><span class=\"h-svg-icon h-icon__icon style-228-icon style-local-25705-c13-icon\"><!--Icon by Icons8 Line Awesome (https:\/\/icons8.com\/line-awesome)--><\/span><\/a><\/div>\n<div class=\"h-global-transition-all h-heading style-229 style-local-25705-c14 position-relative h-element\" data-colibri-id=\"25705-c14\">\n<div class=\"h-heading__outer style-229 style-local-25705-c14\">\n<h5 class=\"\">Informations Necessaires au quotidien<\/h5>\n<\/div>\n<\/div>\n<\/div>\n<\/div>\n<\/div>\n<\/div>\n<\/div>\n<div class=\"h-row-container gutters-row-lg-2 gutters-row-md-2 gutters-row-0 gutters-row-v-lg-2 gutters-row-v-md-2 gutters-row-v-2 style-247 style-local-25705-c15 position-relative\" data-colibri-id=\"25705-c15\">\n<div class=\"h-row justify-content-lg-center justify-content-md-center justify-content-center align-items-lg-stretch align-items-md-stretch align-items-stretch gutters-col-lg-2 gutters-col-md-2 gutters-col-0 gutters-col-v-lg-2 gutters-col-v-md-2 gutters-col-v-2\">\n<div class=\"h-column h-column-container d-flex h-col-lg-auto h-col-md-auto h-col-auto style-248-outer style-local-25705-c16-outer\">\n<div class=\"d-flex h-flex-basis h-column__inner h-px-lg-2 h-px-md-2 h-px-2 v-inner-lg-2 v-inner-md-2 v-inner-2 style-248 style-local-25705-c16 position-relative\" data-colibri-id=\"25705-c16\">\n<div class=\"w-100 h-y-container h-column__content h-column__v-align flex-basis-100 align-self-lg-start align-self-md-start align-self-start\">\n<div class=\"h-lead h-text h-text-component style-230 style-local-25705-c17 position-relative h-element\" data-colibri-id=\"25705-c17\">\n<div class=\"\">\n\nNous accordons une attention particuli\u00e8rement importante \u00e0 la pr\u00e9vention pour d\u00e9pister au plus t\u00f4t les affections de vos animaux et leur permettre de vivre et vieillir sereinement et confortablement.\n\n<\/div>\n<\/div>\n<\/div>\n<\/div>\n<\/div>\n<\/div>\n<\/div>\n<\/div>\n<\/div>\n<div id=\"custom\" class=\"h-section h-section-global-spacing d-flex align-items-lg-center align-items-md-center align-items-center style-249 style-local-25705-c18 position-relative\" data-colibri-component=\"section\" data-colibri-id=\"25705-c18\">\n<div class=\"h-section-grid-container h-section-boxed-container\">\n<div class=\"h-row-container gutters-row-lg-2 gutters-row-md-2 gutters-row-0 gutters-row-v-lg-2 gutters-row-v-md-2 gutters-row-v-2 style-250 style-local-25705-c19 position-relative\" data-colibri-id=\"25705-c19\">\n<div class=\"h-row justify-content-lg-center justify-content-md-center justify-content-center align-items-lg-stretch align-items-md-stretch align-items-stretch gutters-col-lg-2 gutters-col-md-2 gutters-col-0 gutters-col-v-lg-2 gutters-col-v-md-2 gutters-col-v-2\">\n<div class=\"h-column h-column-container d-flex h-col-lg-auto h-col-md-auto h-col-auto style-251-outer style-local-25705-c20-outer\">\n<div class=\"d-flex h-flex-basis h-column__inner h-px-lg-2 h-px-md-2 h-px-2 v-inner-lg-2 v-inner-md-2 v-inner-2 style-251 style-local-25705-c20 position-relative\" data-colibri-id=\"25705-c20\">\n<div class=\"w-100 h-y-container h-column__content h-column__v-align flex-basis-100 align-self-lg-start align-self-md-start align-self-start\">\n<div class=\"d-block style-254 style-local-25705-c21 position-relative h-element\" data-colibri-id=\"25705-c21\">\n<div class=\"h-image__frame-container-outer\">\n<div class=\"h-image__frame-container\">\n\n<img decoding=\"async\" class=\"style-254-image style-local-25705-c21-image\" src=\"https:\/\/i2.wp.com\/veterinaire7chemins.fr\/wp-content\/uploads\/2021\/12\/cropped-Capture-decran-2021-12-06-145748.png?resize=150%2C150\" \/>\n<div class=\"h-image__frame h-hide-lg h-hide-md h-hide-sm style-254-frameImage style-local-25705-c21-frameImage\"><\/div>\n<\/div>\n<div class=\"style-254-caption style-local-25705-c21-caption\">Nous localiser<\/div>\n<\/div>\n<\/div>\n<\/div>\n<\/div>\n<\/div>\n<div class=\"h-column h-column-container d-flex h-col-lg-auto h-col-md-auto h-col-auto style-252-outer style-local-25705-c22-outer\">\n<div class=\"d-flex h-flex-basis h-column__inner h-px-lg-2 h-px-md-2 h-px-2 v-inner-lg-2 v-inner-md-2 v-inner-2 style-252 style-local-25705-c22 position-relative\" data-colibri-id=\"25705-c22\">\n<div class=\"w-100 h-y-container h-column__content h-column__v-align flex-basis-100 align-self-lg-start align-self-md-start align-self-start\">\n<div class=\"style-261 style-local-25705-c23 position-relative h-element\" data-colibri-id=\"25705-c23\">\n<div class=\"d-flex flex-wrap h-social-icons justify-content-lg-center justify-content-md-center justify-content-center\">\n<div class=\"social-icon-container d-inline-flex\">\n<div class=\"icon-container h-social-icon h-global-transition\">\n<div class=\"h-icon-svg\" style=\"width: 100%; height: 100%;\"><!--Icon by Font Awesome (https:\/\/fontawesome.com)--><\/div>\n<\/div>\n<\/div>\n<div class=\"social-icon-container d-inline-flex\">\n<div class=\"icon-container h-social-icon h-global-transition\">\n<div class=\"h-icon-svg\" style=\"width: 100%; height: 100%;\"><!--Icon by Font Awesome (https:\/\/fontawesome.com)--><\/div>\n<\/div>\n<\/div>\n<div class=\"social-icon-container d-inline-flex\">\n<div class=\"icon-container h-social-icon h-global-transition\">\n<div class=\"h-icon-svg\" style=\"width: 100%; height: 100%;\"><!--Icon by Socicon (http:\/\/www.socicon.com)--><\/div>\n<\/div>\n<\/div>\n<\/div>\n<\/div>\n<\/div>\n<\/div>\n<\/div>\n<div class=\"h-column h-column-container d-flex h-col-lg-auto h-col-md-auto h-col-auto style-253-outer style-local-25705-c24-outer\">\n<div class=\"d-flex h-flex-basis h-column__inner h-px-lg-2 h-px-md-2 h-px-2 v-inner-lg-2 v-inner-md-2 v-inner-2 style-253 style-local-25705-c24 position-relative\" data-colibri-id=\"25705-c24\">\n<div class=\"w-100 h-y-container h-column__content h-column__v-align flex-basis-100 align-self-lg-start align-self-md-start align-self-start\">\n<div class=\"h-text h-text-component style-259 style-local-25705-c25 position-relative h-element\" data-colibri-id=\"25705-c25\">\n<div class=\"\">\n\nNous sommes ouvert du lundi au vendredi de 8h \u00e0 12h et de 13h30 \u00e0 19h et le samedi de 8h30 \u00e0 13h30 (\u00e0 partir du 3 Mai 2025).\n\n<strong>Nous recevons sans rendez-vous du lundi au vendredi de 8h \u00e0 9h30.<\/strong>\n\n<\/div>\n<\/div>\n<\/div>\n<\/div>\n<\/div>\n<\/div>\n<\/div>\n<\/div>\n<\/div>\n<div id=\"custom-2\" class=\"h-section h-section-global-spacing d-flex align-items-lg-center align-items-md-center align-items-center style-272 style-local-25705-c26 position-relative\" data-colibri-component=\"section\" data-colibri-id=\"25705-c26\">\n<div class=\"h-section-grid-container h-section-boxed-container\">\n<div class=\"h-row-container gutters-row-lg-2 gutters-row-md-2 gutters-row-0 gutters-row-v-lg-2 gutters-row-v-md-2 gutters-row-v-2 style-291 style-local-25705-c27 position-relative\" data-colibri-id=\"25705-c27\">\n<div class=\"h-row justify-content-lg-center justify-content-md-center justify-content-center align-items-lg-stretch align-items-md-stretch align-items-stretch gutters-col-lg-2 gutters-col-md-2 gutters-col-0 gutters-col-v-lg-2 gutters-col-v-md-2 gutters-col-v-2\">\n<div class=\"h-column h-column-container d-flex h-col-lg-auto h-col-md-auto h-col-auto style-292-outer style-local-25705-c28-outer\">\n<div class=\"d-flex h-flex-basis h-column__inner h-px-lg-2 h-px-md-2 h-px-2 v-inner-lg-2 v-inner-md-2 v-inner-2 style-292 style-local-25705-c28 position-relative\" data-colibri-id=\"25705-c28\">\n<div class=\"w-100 h-y-container h-column__content h-column__v-align flex-basis-100 align-self-lg-start align-self-md-start align-self-start\">\n<div class=\"d-block style-281 style-local-25705-c29 position-relative h-element\" data-colibri-id=\"25705-c29\">\n<div class=\"h-image__frame-container-outer\">\n<div class=\"h-image__frame-container\">\n\n<img data-recalc-dims=\"1\" loading=\"lazy\" decoding=\"async\" width=\"1500\" height=\"374\" class=\"wp-image-26006 style-281-image style-local-25705-c29-image\" src=\"https:\/\/i0.wp.com\/veterinaire7chemins.fr\/wp-content\/uploads\/2023\/04\/cropped-2021-Banniere-Email-Veto-Shop.png?resize=1500%2C374\" alt=\"\" srcset=\"https:\/\/i0.wp.com\/veterinaire7chemins.fr\/wp-content\/uploads\/2023\/04\/cropped-2021-Banniere-Email-Veto-Shop.png?w=1500 1500w, https:\/\/i0.wp.com\/veterinaire7chemins.fr\/wp-content\/uploads\/2023\/04\/cropped-2021-Banniere-Email-Veto-Shop.png?resize=300%2C75 300w, https:\/\/i0.wp.com\/veterinaire7chemins.fr\/wp-content\/uploads\/2023\/04\/cropped-2021-Banniere-Email-Veto-Shop.png?resize=1024%2C255 1024w, https:\/\/i0.wp.com\/veterinaire7chemins.fr\/wp-content\/uploads\/2023\/04\/cropped-2021-Banniere-Email-Veto-Shop.png?resize=768%2C191 768w\" sizes=\"auto, (max-width: 1000px) 100vw, 1000px\" \/>\n<div class=\"h-image__frame h-hide-lg h-hide-md h-hide-sm style-281-frameImage style-local-25705-c29-frameImage\"><\/div>\n<\/div>\n<\/div>\n<\/div>\n<\/div>\n<\/div>\n<\/div>\n<\/div>\n<\/div>\n<div class=\"h-row-container gutters-row-lg-2 gutters-row-md-2 gutters-row-0 gutters-row-v-lg-2 gutters-row-v-md-2 gutters-row-v-2 style-279 style-local-25705-c30 position-relative\" data-colibri-id=\"25705-c30\">\n<div class=\"h-row justify-content-lg-center justify-content-md-center justify-content-center align-items-lg-stretch align-items-md-stretch align-items-stretch gutters-col-lg-2 gutters-col-md-2 gutters-col-0 gutters-col-v-lg-2 gutters-col-v-md-2 gutters-col-v-2\">\n<div class=\"h-column h-column-container d-flex h-col-lg-auto h-col-md-auto h-col-auto style-282-outer style-local-25705-c31-outer\">\n<div class=\"d-flex h-flex-basis h-column__inner h-px-lg-2 h-px-md-2 h-px-2 v-inner-lg-2 v-inner-md-2 v-inner-2 style-282 style-local-25705-c31 position-relative\" data-colibri-id=\"25705-c31\">\n<div class=\"w-100 h-y-container h-column__content h-column__v-align flex-basis-100 align-self-lg-start align-self-md-start align-self-start\">\n<div class=\"h-text h-text-component style-290 style-local-25705-c32 position-relative h-element\" data-colibri-id=\"25705-c32\">\n<div class=\"\">\n\nNOUVEAU\n\nR\u00e9aliser vos achats en ligne et faites vous livrer sans frais \u00e0 la clinique!\n\n<\/div>\n<\/div>\n<\/div>\n<\/div>\n<\/div>\n<\/div>\n<\/div>\n<\/div>\n<\/div>\n<\/div>","protected":false},"excerpt":{"rendered":"<p>Nos comp\u00e9tences Chiens Chats NACs M\u00e9decine Chirurgie Nutrition personnalis\u00e9e Imagerie M\u00e9dicale Analyses Biologiques Hospitalisations Conseils L&rsquo;equipe 3 V\u00e9t\u00e9rinaires 3 Assistants V\u00e9t\u00e9rinaires Informations Necessaires au quotidien Nous accordons une attention particuli\u00e8rement importante \u00e0 la pr\u00e9vention pour d\u00e9pister au plus t\u00f4t les affections de vos animaux et leur permettre de vivre et vieillir sereinement et confortablement. Nous [&hellip;]<\/p>\n","protected":false},"author":1,"featured_media":0,"parent":0,"menu_order":0,"comment_status":"closed","ping_status":"closed","template":"page-templates\/homepage.php","meta":{"om_disable_all_campaigns":false,"_monsterinsights_skip_tracking":false,"_monsterinsights_sitenote_active":false,"_monsterinsights_sitenote_note":"","_monsterinsights_sitenote_category":0,"footnotes":""},"class_list":["post-25705","page","type-page","status-publish","hentry"],"aioseo_notices":[],"jetpack_sharing_enabled":true,"_links":{"self":[{"href":"http:\/\/veterinaire7chemins.fr\/index.php?rest_route=\/wp\/v2\/pages\/25705","targetHints":{"allow":["GET"]}}],"collection":[{"href":"http:\/\/veterinaire7chemins.fr\/index.php?rest_route=\/wp\/v2\/pages"}],"about":[{"href":"http:\/\/veterinaire7chemins.fr\/index.php?rest_route=\/wp\/v2\/types\/page"}],"author":[{"embeddable":true,"href":"http:\/\/veterinaire7chemins.fr\/index.php?rest_route=\/wp\/v2\/users\/1"}],"replies":[{"embeddable":true,"href":"http:\/\/veterinaire7chemins.fr\/index.php?rest_route=%2Fwp%2Fv2%2Fcomments&post=25705"}],"version-history":[{"count":9,"href":"http:\/\/veterinaire7chemins.fr\/index.php?rest_route=\/wp\/v2\/pages\/25705\/revisions"}],"predecessor-version":[{"id":26050,"href":"http:\/\/veterinaire7chemins.fr\/index.php?rest_route=\/wp\/v2\/pages\/25705\/revisions\/26050"}],"wp:attachment":[{"href":"http:\/\/veterinaire7chemins.fr\/index.php?rest_route=%2Fwp%2Fv2%2Fmedia&parent=25705"}],"curies":[{"name":"wp","href":"https:\/\/api.w.org\/{rel}","templated":true}]}}